ands digit of 857200?
8
What is the ten millions digit of 15821893?
1
What is the hundreds digit of 871775?
7
What is the hundred thousands digit of 720090?
7
What is the millions digit of 34908739?
4
What is the ten thousands digit of 2955513?
5
What is the hundreds digit of 6183791?
7
What is the hundreds digit of 294326?
3
What is the hundreds digit of 31259281?
2
What is the thousands digit of 1942013?
2
What is the millions digit of 3210589?
3
What is the hundred thousands digit of 463952?
4
What is the hundreds digit of 163308?
3
What is the ten thousands digit of 289298?
8
What is the ten thousands digit of 182633?
8
What is the thousands digit of 511315?
1
What is the ten thousands digit of 242123?
4
What is the hundred thousands digit of 539038?
5
What is the hundreds digit of 5500441?
4
What is the hundred thousands digit of 389116?
3
What is the units digit of 33882012?
2
What is the units digit of 10212183?
3
What is the thousands digit of 428928?
8
What is the hundred thousands digit of 29574108?
5
What is the tens digit of 319016?
1
What is the thousands digit of 108685?
8
What is the thousands digit of 91536?
1
What is the thousands digit of 8252939?
2
What is the hundred thousands digit of 651708?
6
What is the hundreds digit of 1526732?
7
What is the thousands digit of 10395909?
5
What is the hundreds digit of 1017256?
2
What is the units digit of 9521423?
3
What is the hundred thousands digit of 167247?
1
What is the ten thousands digit of 129384?
2
What is the hundreds digit of 4325519?
5
What is the ten thousands digit of 147717?
4
What is the tens digit of 745806?
0
What is the units digit of 263964?
4
What is the hundred thousands digit of 1162648?
1
What is the units digit of 26941571?
1
What is the millions digit of 7564138?
7
What is the millions digit of 3032141?
3
What is the thousands digit of 5596003?
6
What is the thousands digit of 7941560?
1
What is the thousands digit of 12838128?
8
What is the hundreds digit of 518806?
8
What is the tens digit of 344678?
7
What is the hundred thousands digit of 427783?
4
What is the tens digit of 24992637?
3
What is the millions digit of 2048156?
2
What is the ten thousands digit of 4192168?
9
What is the units digit of 1876132?
2
What is the tens digit of 6336241?
4
What is the units digit of 2961484?
4
What is the millions digit of 5944289?
5
What is the hundred thousands digit of 1448291?
4
What is the hundred thousands digit of 5699320?
6
What is the ten thousands digit of 8643943?
4
What is the tens digit of 5966037?
3
What is the millions digit of 1554757?
1
What is the millions digit of 2051363?
2
What is the tens digit of 305037?
3
What is the thousands digit of 394903?
4
What is the tens digit of 18014744?
4
What is the ten millions digit of 19831850?
1
What is the units digit of 1259148?
8
What is the ten millions digit of 14443352?
1
What is the hundreds digit of 3595192?
1
What is the ten thousands digit of 103350?
0
What is the ten thousands digit of 278013?
7
What is the hundred thousands digit of 505055?
5
What is the ten thousands digit of 174735?
7
What is the ten thousands digit of 567309?
6
What is the units digit of 410830?
0
What is the ten thousands digit of 680873?
8
What is the hundred thousands digit of 2395145?
3
What is the millions digit of 3743027?
3
What is the tens digit of 3527866?
6
What is the hundreds digit of 29126059?
0
What is the tens digit of 1482?
8
What is the thousands digit of 1402753?
2
What is the ten millions digit of 23361824?
2
What is the tens digit of 297145?
4
What is the ten thousands digit of 14114879?
1
What is the units digit of 24898?
8
What is the thousands digit of 2706928?
6
What is the thousands digit of 187394?
7
What is the ten millions digit of 20472154?
2
What is the tens digit of 167391?
9
What is the hundred thousands digit of 6030370?
0
What is the hundreds digit of 2644919?
9
What is the hundred thousands digit of 24202728?
2
What is the thousands digit of 345964?
5
What is the ten thousands digit of 1634230?
3
What is the hundred thousands digit of 8782441?
7
What is the ten thousands digit of 53535?
5
What is the hundreds digit of 245836?
8
What is the units digit of 1474045?
5
What is the units digit of 28347872?
2
What is the ten thousands digit of 396268?
9
What is the thousands digit of 511835?
1
What is the tens digit of 1465?
6
What is the ten thousands digit of 1852053?
5
What is the hundreds digit of 5793588?
5
What is the units digit of 788905?
5
What is the tens digit of 4884415?
1
What is the units digit of 3229208?
8
What is the hundreds digit of 230997?
9
What is the hundred thousands digit of 7249260?
2
What is the tens digit of 6102561?
6
What is the ten thousands digit of 7289146?
8
What is the hundreds digit of 2777785?
7
What is the hundreds digit of 253811?
8
What is the hundred thousands digit of 404250?
4
What is the hundreds digit of 6707421?
4
What is the tens digit of 21226659?
5
What is the thousands digit of 900256?
0
What is the tens digit of 153206?
0
What is the thousands digit of 1723035?
3
What is the hundreds digit of 986597?
5
What is the ten thousands digit of 304554?
0
What is the millions digit of 4247369?
4
What is the units digit of 643276?
6
What is the thousands digit of 308665?
8
What is the units digit of 370385?
5
What is the ten millions digit of 21657847?
2
What is the hundreds digit of 6668125?
1
What is the ten thousands digit of 255512?
5
What is the units digit of 13801506?
6
What is the hundred thousands digit of 617290?
6
What is the hundreds digit of 114618?
6
What is the tens digit of 453873?
7
What is the thousands digit of 440542?
0
What is the ten thousands digit of 85803?
8
What is the hundreds digit of 127725?
7
What is the tens digit of 15371?
7
What is the hundred thousands digit of 287397?
2
What is the units digit of 154624?
4
What is the hundred thousands digit of 228827?
2
What is the ten thousands digit of 530302?
3
What is the thousands digit of 2650198?
0
What is the ten thousands digit of 928270?
2
What is the units digit of 150607?
7
What is the hundreds digit of 1165839?
8
What is the hundred thousands digit of 7650457?
6
What is the hundreds digit of 4553?
5
What is the thousands digit of 463336?
3
What is the units digit of 278303?
3
What is the tens digit of 6971276?
7
What is the ten thousands digit of 10444054?
4
What is the ten thousands digit of 356686?
5
What is the units digit of 4788557?
7
What is the hundreds digit of 87855?
8
What is the tens digit of 87611?
1
What is the hundreds digit of 5432149?
1
What is the hundreds digit of 510825?
8
What is the thousands digit of 3349222?
9
What is the hundred thousands digit of 13135740?
1
What is the millions digit of 9628032?
9
What is the hundreds digit of 12998781?
7
What is the thousands digit of 11211905?
1
What is the hundred thousands digit of 29087693?
0
What is the hundreds digit of 3354861?
8
What is the units digit of 32646197?
7
What is the ten thousands digit of 522105?
2
What is the tens digit of 2353924?
2
What is the tens digit of 1939570?
7
What is the hundreds digit of 494201?
2
What is the hundreds digit of 287449?
4
What is the units digit of 696944?
4
What is the units digit of 12983504?
4
What is the hundred thousands digit of 1766084?
7
What is the hundreds digit of 206047?
0
What is the millions digit of 12535040?
2
What is the thousands digit of 112898?
2
What is the tens digit of 873543?
4
What is the hundred thousands digit of 211412?
2
What is the thousands digit of 378253?
8
What is the ten thousands digit of 602741?
0
What is the hundreds digit of 3971744?
7
What is the tens digit of 188600?
0
What is the ten thousands digit of 1806863?
0
What is the ten thousands digit of 1465056?
6
What is the hundreds digit of 482866?
8
What is the tens digit of 1320369?
6
What is the tens digit of 177577?
7
What is the hundred thousands digit of 33080797?
0
What is the thousands digit of 1891083?
1
What is the thousands digit of 31136?
1
What is the hundreds digit of 1236647?
6
What is the thousands digit of 6042018?
2
What is the tens digit of 1072438?
3
What is the units digit of 309781?
1
What is the hundreds digit of 729703?
7
What is the hundred thousands di